{"id":59460,"date":"2023-01-04T23:08:09","date_gmt":"2023-01-04T23:08:09","guid":{"rendered":"https:\/\/castle-vianden.lu\/?post_type=mec-events&#038;p=59460"},"modified":"2025-06-07T08:54:29","modified_gmt":"2025-06-07T08:54:29","slug":"ad-libitum-929-415-664","status":"publish","type":"mec-events","link":"https:\/\/castle-vianden.lu\/fr\/events\/ad-libitum-929-415-664\/","title":{"rendered":"Festival alter Musik &#8211; Concert randonn\u00e9"},"content":{"rendered":"<h2><strong>Festival alter Musik du 28 juin jusqu\u2019au 6 juillet 2025<\/strong><\/h2>\n<p>Du 28 juin au 6 juillet aura lieu la septi\u00e8me \u00e9dition du festival de musique ancienne de Vianden. Il s\u2019agit d\u2019une coproduction entre les Amis du ch\u00e2teau, la commune de Vianden et l\u2019ensemble AD LIBITUM. Le ch\u00e2teau de Vianden offre un cadre unique pour chaque \u00e9v\u00e9nement et allie l\u2019exceptionnel \u00e0 la culture et au divertissement.<\/p>\n<h2>Dimanche, le 6 juillet 2025 \u00e0 18h00 &#8211; Concert randonn\u00e9<\/h2>\n<h3>Salle d&#8217;armes 18h00: La Petite \u00c9curie<\/h3>\n<p><strong>Hautbois baroque:<\/strong> Raffaela Bortolini, Lea Ferreira, Jean-Paul Hansen<\/p>\n<p><strong>Basson baroque:<\/strong> Idoia Bengoa<\/p>\n<p><strong>Percussion:<\/strong> Al Ginter<\/p>\n<p><em>Oeuvres de Lully, Paisible et Purcell<\/em><\/p>\n<h3>Salle des chevaliers 18h30: Ensemble Renaissance<\/h3>\n<p><strong>Sopran:<\/strong> Barbara Pierlot<\/p>\n<p><strong>Alt:<\/strong> Christina Ewald<\/p>\n<p><strong>Tenor:<\/strong> Jean-Luc Blasius<\/p>\n<p><strong>Bass:<\/strong> Christophe Bornet<\/p>\n<p><strong>Tenorfiedel:<\/strong> Beate Wins<\/p>\n<p><strong>Drehleier und Organetto:<\/strong> Rosch Mirkes<\/p>\n<p><em>Oeuvres de Anonimo, Arbeau, Arcadelt, Certon, Del Encina, Di Lasso, Isaac, Praetorius, Senfl et Steuerlein.<\/em><\/p>\n<h3>Salle Vic. Abens 19h00: Ensemble M\u00e9di\u00e9val<\/h3>\n<p><strong>Chant:<\/strong> Barbara Pierlot<\/p>\n<p><strong>Doucaine:<\/strong> Idoia Bengoa<\/p>\n<p><strong>Flauto dolce:<\/strong> Ria Clement<\/p>\n<p><strong>Percussion:<\/strong> Al Ginter<\/p>\n<p><strong>Chal\u00e9mie:<\/strong> Jean-Paul Hansen<\/p>\n<p><strong>Vielle \u00e0 roue:<\/strong> Rosch Mirkes<\/p>\n<p><strong>Nickelharpa:<\/strong> Vincent Soubeyran<\/p>\n<p><strong>Instruments \u00e0 vent:<\/strong> Juan Ullibarri<\/p>\n<p><strong>Violon m\u00e9di\u00e9val:<\/strong> Aur\u00e9lie Wenze et Beate Wins<\/p>\n<p>_____________________________________________________________________<\/p>\n<p>Pour toutes les manifestations au ch\u00e2teau, une navette de bus part une demi-heure avant le d\u00e9but de la manifestation du parking, Schank.<\/p>\n<p><strong>R\u00e9servations: (+352) 83 41 08-1 \/ caisse@castle-vianden.lu<\/strong><\/p>\n<p><strong>Prix par concert: Membres des Amis du Ch\u00e2teau de Vianden: GRATUIT<\/strong><\/p>\n<p><strong>Non-membres (Adultes et seniors): 20 \u20ac<\/strong><\/p>\n<p><strong>Enfants et \u00e9tudiants: 10 \u20ac<\/strong><\/p>\n<h2><strong style=\"font-size: 14px;\">_____________________________________________________________________<\/strong><\/h2>\n<p>Organisation: Les Amis du Ch\u00e2teau de Vianden asbl, la commune de Vianden et l&#8217;Ensemble AD LIBITUM<\/p>\n<p><img loading=\"lazy\" decoding=\"async\" class=\"alignnone wp-image-60266\" src=\"https:\/\/castle-vianden.lu\/wp-content\/uploads\/2021\/09\/Logo-AD-LIBITUM.jpeg\" alt=\"\" width=\"129\" height=\"129\" srcset=\"https:\/\/castle-vianden.lu\/wp-content\/uploads\/2021\/09\/Logo-AD-LIBITUM.jpeg 960w, https:\/\/castle-vianden.lu\/wp-content\/uploads\/2021\/09\/Logo-AD-LIBITUM-300x300.jpeg 300w, https:\/\/castle-vianden.lu\/wp-content\/uploads\/2021\/09\/Logo-AD-LIBITUM-135x135.jpeg 135w, https:\/\/castle-vianden.lu\/wp-content\/uploads\/2021\/09\/Logo-AD-LIBITUM-768x768.jpeg 768w\" sizes=\"auto, (max-width: 129px) 100vw, 129px\" \/><\/p>\n<p><strong>En partenariat avec:<\/strong><\/p>\n<p><img loading=\"lazy\" decoding=\"async\" class=\"wp-image-59872 alignleft\" src=\"https:\/\/castle-vianden.lu\/wp-content\/uploads\/2023\/09\/ChateauVianden_Logo_cmyk-scaled.jpg\" alt=\"\" width=\"160\" height=\"80\" srcset=\"https:\/\/castle-vianden.lu\/wp-content\/uploads\/2023\/09\/ChateauVianden_Logo_cmyk-scaled.jpg 2560w, https:\/\/castle-vianden.lu\/wp-content\/uploads\/2023\/09\/ChateauVianden_Logo_cmyk-300x150.jpg 300w, https:\/\/castle-vianden.lu\/wp-content\/uploads\/2023\/09\/ChateauVianden_Logo_cmyk-1024x512.jpg 1024w, https:\/\/castle-vianden.lu\/wp-content\/uploads\/2023\/09\/ChateauVianden_Logo_cmyk-768x384.jpg 768w, https:\/\/castle-vianden.lu\/wp-content\/uploads\/2023\/09\/ChateauVianden_Logo_cmyk-1536x768.jpg 1536w, https:\/\/castle-vianden.lu\/wp-content\/uploads\/2023\/09\/ChateauVianden_Logo_cmyk-2048x1024.jpg 2048w\" sizes=\"auto, (max-width: 160px) 100vw, 160px\" \/> <img loading=\"lazy\" decoding=\"async\" class=\"alignnone wp-image-60041\" src=\"https:\/\/castle-vianden.lu\/wp-content\/uploads\/2023\/04\/Logo-Ville_de_Vianden-Circle-VF-RGB.png\" alt=\"\" width=\"133\" height=\"133\" srcset=\"https:\/\/castle-vianden.lu\/wp-content\/uploads\/2023\/04\/Logo-Ville_de_Vianden-Circle-VF-RGB.png 1800w, https:\/\/castle-vianden.lu\/wp-content\/uploads\/2023\/04\/Logo-Ville_de_Vianden-Circle-VF-RGB-300x300.png 300w, https:\/\/castle-vianden.lu\/wp-content\/uploads\/2023\/04\/Logo-Ville_de_Vianden-Circle-VF-RGB-1024x1024.png 1024w, https:\/\/castle-vianden.lu\/wp-content\/uploads\/2023\/04\/Logo-Ville_de_Vianden-Circle-VF-RGB-135x135.png 135w, https:\/\/castle-vianden.lu\/wp-content\/uploads\/2023\/04\/Logo-Ville_de_Vianden-Circle-VF-RGB-768x768.png 768w, https:\/\/castle-vianden.lu\/wp-content\/uploads\/2023\/04\/Logo-Ville_de_Vianden-Circle-VF-RGB-1536x1536.png 1536w\" sizes=\"auto, (max-width: 133px) 100vw, 133px\" \/><img loading=\"lazy\" decoding=\"async\" class=\"wp-image-60442 alignleft\" src=\"https:\/\/castle-vianden.lu\/wp-content\/uploads\/2023\/01\/islek-ohne-grenzen-logo.png\" alt=\"\" width=\"73\" height=\"72\" srcset=\"https:\/\/castle-vianden.lu\/wp-content\/uploads\/2023\/01\/islek-ohne-grenzen-logo.png 279w, https:\/\/castle-vianden.lu\/wp-content\/uploads\/2023\/01\/islek-ohne-grenzen-logo-135x135.png 135w\" sizes=\"auto, (max-width: 73px) 100vw, 73px\" \/><\/p>\n<p><strong>Subventionn\u00e9 par:<\/strong><\/p>\n<p><img loading=\"lazy\" decoding=\"async\" class=\"alignnone wp-image-60433\" src=\"https:\/\/castle-vianden.lu\/wp-content\/uploads\/2023\/01\/Logo-Fondation-Loutsch.jpg\" alt=\"\" width=\"203\" height=\"75\" srcset=\"https:\/\/castle-vianden.lu\/wp-content\/uploads\/2023\/01\/Logo-Fondation-Loutsch.jpg 472w, https:\/\/castle-vianden.lu\/wp-content\/uploads\/2023\/01\/Logo-Fondation-Loutsch-300x111.jpg 300w\" sizes=\"auto, (max-width: 203px) 100vw, 203px\" \/><\/p>\n<p><img loading=\"lazy\" decoding=\"async\" class=\"wp-image-59858 alignleft\" src=\"https:\/\/castle-vianden.lu\/wp-content\/uploads\/2023\/09\/Logo-Ministere-de-la-Culture.png\" alt=\"\" width=\"241\" height=\"60\" srcset=\"https:\/\/castle-vianden.lu\/wp-content\/uploads\/2023\/09\/Logo-Ministere-de-la-Culture.png 450w, https:\/\/castle-vianden.lu\/wp-content\/uploads\/2023\/09\/Logo-Ministere-de-la-Culture-300x75.png 300w\" sizes=\"auto, (max-width: 241px) 100vw, 241px\" \/><\/p>\n","protected":false},"excerpt":{"rendered":"<p>Festival alter Musik du 28 juin jusqu\u2019au 6 juillet 2025 Du 28 juin au 6 juillet aura lieu la septi\u00e8me \u00e9dition du festival de musique ancienne de Vianden. Il s\u2019agit d\u2019une coproduction entre les Amis du ch\u00e2teau, la commune de Vianden et l\u2019ensemble AD LIBITUM. Le ch\u00e2teau de Vianden offre un cadre unique pour chaque&hellip;<\/p>\n","protected":false},"author":2,"featured_media":60444,"comment_status":"closed","ping_status":"closed","template":"","tags":[],"mec_category":[191],"class_list":["post-59460","mec-events","type-mec-events","status-publish","has-post-thumbnail","hentry","mec_category-concert","description-off"],"translation":{"provider":"WPGlobus","version":"3.0.0","language":"fr","enabled_languages":["de","fr","gb","nl"],"languages":{"de":{"title":true,"content":true,"excerpt":false},"fr":{"title":true,"content":true,"excerpt":false},"gb":{"title":true,"content":true,"excerpt":false},"nl":{"title":true,"content":true,"excerpt":false}}},"_links":{"self":[{"href":"https:\/\/castle-vianden.lu\/fr\/wp-json\/wp\/v2\/mec-events\/59460","targetHints":{"allow":["GET"]}}],"collection":[{"href":"https:\/\/castle-vianden.lu\/fr\/wp-json\/wp\/v2\/mec-events"}],"about":[{"href":"https:\/\/castle-vianden.lu\/fr\/wp-json\/wp\/v2\/types\/mec-events"}],"author":[{"embeddable":true,"href":"https:\/\/castle-vianden.lu\/fr\/wp-json\/wp\/v2\/users\/2"}],"replies":[{"embeddable":true,"href":"https:\/\/castle-vianden.lu\/fr\/wp-json\/wp\/v2\/comments?post=59460"}],"wp:featuredmedia":[{"embeddable":true,"href":"https:\/\/castle-vianden.lu\/fr\/wp-json\/wp\/v2\/media\/60444"}],"wp:attachment":[{"href":"https:\/\/castle-vianden.lu\/fr\/wp-json\/wp\/v2\/media?parent=59460"}],"wp:term":[{"taxonomy":"post_tag","embeddable":true,"href":"https:\/\/castle-vianden.lu\/fr\/wp-json\/wp\/v2\/tags?post=59460"},{"taxonomy":"mec_category","embeddable":true,"href":"https:\/\/castle-vianden.lu\/fr\/wp-json\/wp\/v2\/mec_category?post=59460"}],"curies":[{"name":"wp","href":"https:\/\/api.w.org\/{rel}","templated":true}]}}

Festival alter Musik &#8211; Concert randonné

<h2><strong>Festival alter Musik du 28 juin jusqu’au 6 juillet 2025</strong></h2>
<p>Du 28 juin au 6 juillet aura lieu la septième édition du festival de musique ancienne de Vianden. Il s’agit d’une coproduction entre les Amis du château, la commune de Vianden et l’ensemble AD LIBITUM. Le château de Vianden offre un cadre unique pour chaque événement et allie l’exceptionnel à la culture et au divertissement.</p>
<h2>Dimanche, le 6 juillet 2025 à 18h00 &#8211; Concert randonné</h2>
<h3>Salle d&#8217;armes 18h00: La Petite Écurie</h3>
<p><strong>Hautbois baroque:</strong> Raffaela Bortolini, Lea Ferreira, Jean-Paul Hansen</p>
<p><strong>Basson baroque:</strong> Idoia Bengoa</p>
<p><strong>Percussion:</strong> Al Ginter</p>
<p><em>Oeuvres de Lully, Paisible et Purcell</em></p>
<h3>Salle des chevaliers 18h30: Ensemble Renaissance</h3>
<p><strong>Sopran:</strong> Barbara Pierlot</p>
<p><strong>Alt:</strong> Christina Ewald</p>
<p><strong>Tenor:</strong> Jean-Luc Blasius</p>
<p><strong>Bass:</strong> Christophe Bornet</p>
<p><strong>Tenorfiedel:</strong> Beate Wins</p>
<p><strong>Drehleier und Organetto:</strong> Rosch Mirkes</p>
<p><em>Oeuvres de Anonimo, Arbeau, Arcadelt, Certon, Del Encina, Di Lasso, Isaac, Praetorius, Senfl et Steuerlein.</em></p>
<h3>Salle Vic. Abens 19h00: Ensemble Médiéval</h3>
<p><strong>Chant:</strong> Barbara Pierlot</p>
<p><strong>Doucaine:</strong> Idoia Bengoa</p>
<p><strong>Flauto dolce:</strong> Ria Clement</p>
<p><strong>Percussion:</strong> Al Ginter</p>
<p><strong>Chalémie:</strong> Jean-Paul Hansen</p>
<p><strong>Vielle à roue:</strong> Rosch Mirkes</p>
<p><strong>Nickelharpa:</strong> Vincent Soubeyran</p>
<p><strong>Instruments à vent:</strong> Juan Ullibarri</p>
<p><strong>Violon médiéval:</strong> Aurélie Wenze et Beate Wins</p>
<p>_____________________________________________________________________</p>
<p>Pour toutes les manifestations au château, une navette de bus part une demi-heure avant le début de la manifestation du parking, Schank.</p>
<p><strong>Réservations: (+352) 83 41 08-1 / caisse@castle-vianden.lu</strong></p>
<p><strong>Prix par concert: Membres des Amis du Château de Vianden: GRATUIT</strong></p>
<p><strong>Non-membres (Adultes et seniors): 20 €</strong></p>
<p><strong>Enfants et étudiants: 10 €</strong></p>
<h2><strong style="font-size: 14px;">_____________________________________________________________________</strong></h2>
<p>Organisation: Les Amis du Château de Vianden asbl, la commune de Vianden et l&#8217;Ensemble AD LIBITUM</p>
<p><img loading="lazy" decoding="async" class="alignnone wp-image-60266" src="https://castle-vianden.lu/wp-content/uploads/2021/09/Logo-AD-LIBITUM.jpeg" alt="" width="129" height="129" srcset="https://castle-vianden.lu/wp-content/uploads/2021/09/Logo-AD-LIBITUM.jpeg 960w, https://castle-vianden.lu/wp-content/uploads/2021/09/Logo-AD-LIBITUM-300x300.jpeg 300w, https://castle-vianden.lu/wp-content/uploads/2021/09/Logo-AD-LIBITUM-135x135.jpeg 135w, https://castle-vianden.lu/wp-content/uploads/2021/09/Logo-AD-LIBITUM-768x768.jpeg 768w" sizes="auto, (max-width: 129px) 100vw, 129px" /></p>
<p><strong>En partenariat avec:</strong></p>
<p><img loading="lazy" decoding="async" class="wp-image-59872 alignleft" src="https://castle-vianden.lu/wp-content/uploads/2023/09/ChateauVianden_Logo_cmyk-scaled.jpg" alt="" width="160" height="80" srcset="https://castle-vianden.lu/wp-content/uploads/2023/09/ChateauVianden_Logo_cmyk-scaled.jpg 2560w, https://castle-vianden.lu/wp-content/uploads/2023/09/ChateauVianden_Logo_cmyk-300x150.jpg 300w, https://castle-vianden.lu/wp-content/uploads/2023/09/ChateauVianden_Logo_cmyk-1024x512.jpg 1024w, https://castle-vianden.lu/wp-content/uploads/2023/09/ChateauVianden_Logo_cmyk-768x384.jpg 768w, https://castle-vianden.lu/wp-content/uploads/2023/09/ChateauVianden_Logo_cmyk-1536x768.jpg 1536w, https://castle-vianden.lu/wp-content/uploads/2023/09/ChateauVianden_Logo_cmyk-2048x1024.jpg 2048w" sizes="auto, (max-width: 160px) 100vw, 160px" /> <img loading="lazy" decoding="async" class="alignnone wp-image-60041" src="https://castle-vianden.lu/wp-content/uploads/2023/04/Logo-Ville_de_Vianden-Circle-VF-RGB.png" alt="" width="133" height="133" srcset="https://castle-vianden.lu/wp-content/uploads/2023/04/Logo-Ville_de_Vianden-Circle-VF-RGB.png 1800w, https://castle-vianden.lu/wp-content/uploads/2023/04/Logo-Ville_de_Vianden-Circle-VF-RGB-300x300.png 300w, https://castle-vianden.lu/wp-content/uploads/2023/04/Logo-Ville_de_Vianden-Circle-VF-RGB-1024x1024.png 1024w, https://castle-vianden.lu/wp-content/uploads/2023/04/Logo-Ville_de_Vianden-Circle-VF-RGB-135x135.png 135w, https://castle-vianden.lu/wp-content/uploads/2023/04/Logo-Ville_de_Vianden-Circle-VF-RGB-768x768.png 768w, https://castle-vianden.lu/wp-content/uploads/2023/04/Logo-Ville_de_Vianden-Circle-VF-RGB-1536x1536.png 1536w" sizes="auto, (max-width: 133px) 100vw, 133px" /><img loading="lazy" decoding="async" class="wp-image-60442 alignleft" src="https://castle-vianden.lu/wp-content/uploads/2023/01/islek-ohne-grenzen-logo.png" alt="" width="73" height="72" srcset="https://castle-vianden.lu/wp-content/uploads/2023/01/islek-ohne-grenzen-logo.png 279w, https://castle-vianden.lu/wp-content/uploads/2023/01/islek-ohne-grenzen-logo-135x135.png 135w" sizes="auto, (max-width: 73px) 100vw, 73px" /></p>
<p><strong>Subventionné par:</strong></p>
<p><img loading="lazy" decoding="async" class="alignnone wp-image-60433" src="https://castle-vianden.lu/wp-content/uploads/2023/01/Logo-Fondation-Loutsch.jpg" alt="" width="203" height="75" srcset="https://castle-vianden.lu/wp-content/uploads/2023/01/Logo-Fondation-Loutsch.jpg 472w, https://castle-vianden.lu/wp-content/uploads/2023/01/Logo-Fondation-Loutsch-300x111.jpg 300w" sizes="auto, (max-width: 203px) 100vw, 203px" /></p>
<p><img loading="lazy" decoding="async" class="wp-image-59858 alignleft" src="https://castle-vianden.lu/wp-content/uploads/2023/09/Logo-Ministere-de-la-Culture.png" alt="" width="241" height="60" srcset="https://castle-vianden.lu/wp-content/uploads/2023/09/Logo-Ministere-de-la-Culture.png 450w, https://castle-vianden.lu/wp-content/uploads/2023/09/Logo-Ministere-de-la-Culture-300x75.png 300w" sizes="auto, (max-width: 241px) 100vw, 241px" /></p>

<p>Festival alter Musik du 28 juin jusqu’au 6 juillet 2025 Du 28 juin au 6 juillet aura lieu la septième édition du festival de musique ancienne de Vianden. Il s’agit d’une coproduction entre les Amis du château, la commune de Vianden et l’ensemble AD LIBITUM. Le château de Vianden offre un cadre unique pour chaque&hellip;</p>
