{"id":59543,"date":"2023-04-12T15:18:48","date_gmt":"2023-04-12T15:18:48","guid":{"rendered":"https:\/\/castle-vianden.lu\/?post_type=mec-events&#038;p=59543"},"modified":"2025-10-07T11:00:07","modified_gmt":"2025-10-07T11:00:07","slug":"via-kammerata-2nd-edition-musicdays-vianden-2021-605","status":"publish","type":"mec-events","link":"https:\/\/castle-vianden.lu\/fr\/events\/via-kammerata-2nd-edition-musicdays-vianden-2021-605\/","title":{"rendered":"MUSICDAYS VIANDEN 2025 &#8211; Anaphora Trio"},"content":{"rendered":"<h2 style=\"margin: 0cm; margin-bottom: .0001pt; background: white; vertical-align: baseline;\">Vendredi 7\/11 | 20:00 | Ancien Cin\u00e9ma Vianden | <strong>Anaphora Trio<\/strong><\/h2>\n<h2>Soir\u00e9e Jazz | Entr\u00e9e libre<\/h2>\n<p>Un croisement athl\u00e9tique entre le jazz et des traditions musicales non europ\u00e9ennes, centr\u00e9 sur une pr\u00e9paration pianistique \u00e0 base de bois, Anaphora explore la puissance du processus collectif qui consiste \u00e0 r\u00eaver des sons et \u00e0 faire r\u00e9sonner les r\u00eaves. Avec [Bloom], le pianiste queer Filippo Deorsola compose un hybride affranchi des genres musicaux et de genre, un espace percussif et textural haut en couleurs, o\u00f9 des grooves urbains \u00e9voquant la techno se m\u00ealent \u00e0 des m\u00e9canismes cycliques et des m\u00e9lodies hypnotiques.<\/p>\n<p>Filippo Deorsola, piano<\/p>\n<p>Marco Luparia, batterie<\/p>\n<p>Jonathan Ho, basse<\/p>\n<hr \/>\n<h3><strong>INFORMATIONS:<\/strong><\/h3>\n<p style=\"margin: 0cm; margin-bottom: .0001pt; background: white; vertical-align: baseline;\"><span style=\"font-size: 10.5pt; color: #0d0316;\">Entr\u00e9e libre &amp; sans r\u00e9servation (Anaphora Trio au Ancien Cin\u00e9ma)<\/span><\/p>\n<p><a href=\"http:\/\/www.musicdays.lu\">www.musicdays.lu<br \/>\n<\/a><a href=\"mailto:info@castle-vianden.lu\">info@castle-vianden.lu<br \/>\n<\/a>t\u00e9l : 83 41 08 1<\/p>\n<hr \/>\n<p><strong>Avec le soutien de EWA Fiduciaire S.A., Islek ouni Grenzen, Hotel Petry<\/strong><\/p>\n<hr \/>\n<p><strong>Coproduction: Les Amis du Ch\u00e2teau de Vianden, Administration communale de Vianden, Fabrique d\u2019\u00c9glise de Vianden, Kammerata Luxembourg.<\/strong><\/p>\n<hr \/>\n<p>&nbsp;<\/p>\n<p><img loading=\"lazy\" decoding=\"async\" class=\"alignnone wp-image-59858\" src=\"https:\/\/castle-vianden.lu\/wp-content\/uploads\/2023\/09\/Logo-Ministere-de-la-Culture.png\" alt=\"\" width=\"290\" height=\"72\" srcset=\"https:\/\/castle-vianden.lu\/wp-content\/uploads\/2023\/09\/Logo-Ministere-de-la-Culture.png 450w, https:\/\/castle-vianden.lu\/wp-content\/uploads\/2023\/09\/Logo-Ministere-de-la-Culture-300x75.png 300w\" sizes=\"auto, (max-width: 290px) 100vw, 290px\" \/> <img loading=\"lazy\" decoding=\"async\" class=\"alignnone wp-image-59329\" src=\"https:\/\/castle-vianden.lu\/wp-content\/uploads\/2021\/06\/VISIT_LUXBG_CMYK_1.jpg\" alt=\"\" width=\"177\" height=\"91\" \/> <img loading=\"lazy\" decoding=\"async\" class=\"alignnone wp-image-59263\" src=\"https:\/\/castle-vianden.lu\/wp-content\/uploads\/2020\/07\/Islek-ohne-Grenzen_2016_Logo.png\" alt=\"\" width=\"111\" height=\"121\" srcset=\"https:\/\/castle-vianden.lu\/wp-content\/uploads\/2020\/07\/Islek-ohne-Grenzen_2016_Logo.png 800w, https:\/\/castle-vianden.lu\/wp-content\/uploads\/2020\/07\/Islek-ohne-Grenzen_2016_Logo-274x300.png 274w, https:\/\/castle-vianden.lu\/wp-content\/uploads\/2020\/07\/Islek-ohne-Grenzen_2016_Logo-768x840.png 768w\" sizes=\"auto, (max-width: 111px) 100vw, 111px\" \/>\u00a0 \u00a0 <img loading=\"lazy\" decoding=\"async\" class=\"alignnone wp-image-58810\" src=\"https:\/\/castle-vianden.lu\/wp-content\/uploads\/2020\/07\/Ewa-texte.jpg\" alt=\"\" width=\"113\" height=\"99\" srcset=\"https:\/\/castle-vianden.lu\/wp-content\/uploads\/2020\/07\/Ewa-texte.jpg 595w, https:\/\/castle-vianden.lu\/wp-content\/uploads\/2020\/07\/Ewa-texte-300x263.jpg 300w\" sizes=\"auto, (max-width: 113px) 100vw, 113px\" \/><img loading=\"lazy\" decoding=\"async\" class=\"alignnone wp-image-60167\" src=\"https:\/\/castle-vianden.lu\/wp-content\/uploads\/2021\/06\/Logo_Hotel-Petry_20241018_124524_0000.jpg\" alt=\"\" width=\"211\" height=\"66\" srcset=\"https:\/\/castle-vianden.lu\/wp-content\/uploads\/2021\/06\/Logo_Hotel-Petry_20241018_124524_0000.jpg 1920w, https:\/\/castle-vianden.lu\/wp-content\/uploads\/2021\/06\/Logo_Hotel-Petry_20241018_124524_0000-300x94.jpg 300w, https:\/\/castle-vianden.lu\/wp-content\/uploads\/2021\/06\/Logo_Hotel-Petry_20241018_124524_0000-1024x320.jpg 1024w, https:\/\/castle-vianden.lu\/wp-content\/uploads\/2021\/06\/Logo_Hotel-Petry_20241018_124524_0000-768x240.jpg 768w, https:\/\/castle-vianden.lu\/wp-content\/uploads\/2021\/06\/Logo_Hotel-Petry_20241018_124524_0000-1536x480.jpg 1536w\" sizes=\"auto, (max-width: 211px) 100vw, 211px\" \/><img loading=\"lazy\" decoding=\"async\" class=\"alignnone wp-image-60584\" src=\"https:\/\/castle-vianden.lu\/wp-content\/uploads\/2023\/04\/Logo_WaagnerBiro_CMYK-1-scaled.jpg\" alt=\"\" width=\"212\" height=\"91\" srcset=\"https:\/\/castle-vianden.lu\/wp-content\/uploads\/2023\/04\/Logo_WaagnerBiro_CMYK-1-scaled.jpg 2560w, https:\/\/castle-vianden.lu\/wp-content\/uploads\/2023\/04\/Logo_WaagnerBiro_CMYK-1-300x129.jpg 300w, https:\/\/castle-vianden.lu\/wp-content\/uploads\/2023\/04\/Logo_WaagnerBiro_CMYK-1-1024x440.jpg 1024w, https:\/\/castle-vianden.lu\/wp-content\/uploads\/2023\/04\/Logo_WaagnerBiro_CMYK-1-768x330.jpg 768w, https:\/\/castle-vianden.lu\/wp-content\/uploads\/2023\/04\/Logo_WaagnerBiro_CMYK-1-1536x660.jpg 1536w, https:\/\/castle-vianden.lu\/wp-content\/uploads\/2023\/04\/Logo_WaagnerBiro_CMYK-1-2048x880.jpg 2048w\" sizes=\"auto, (max-width: 212px) 100vw, 212px\" \/><\/p>\n<p><img loading=\"lazy\" decoding=\"async\" class=\"alignnone wp-image-14\" src=\"https:\/\/castle-vianden.lu\/wp-content\/uploads\/2020\/04\/cropped-ChateauVianden_11_7_2016-1.png\" alt=\"\" width=\"190\" height=\"104\" srcset=\"https:\/\/castle-vianden.lu\/wp-content\/uploads\/2020\/04\/cropped-ChateauVianden_11_7_2016-1.png 6081w, https:\/\/castle-vianden.lu\/wp-content\/uploads\/2020\/04\/cropped-ChateauVianden_11_7_2016-1-600x328.png 600w, https:\/\/castle-vianden.lu\/wp-content\/uploads\/2020\/04\/cropped-ChateauVianden_11_7_2016-1-300x164.png 300w, https:\/\/castle-vianden.lu\/wp-content\/uploads\/2020\/04\/cropped-ChateauVianden_11_7_2016-1-1024x561.png 1024w, https:\/\/castle-vianden.lu\/wp-content\/uploads\/2020\/04\/cropped-ChateauVianden_11_7_2016-1-768x420.png 768w, https:\/\/castle-vianden.lu\/wp-content\/uploads\/2020\/04\/cropped-ChateauVianden_11_7_2016-1-1536x841.png 1536w, https:\/\/castle-vianden.lu\/wp-content\/uploads\/2020\/04\/cropped-ChateauVianden_11_7_2016-1-2048x1121.png 2048w, https:\/\/castle-vianden.lu\/wp-content\/uploads\/2020\/04\/cropped-ChateauVianden_11_7_2016-1-1200x657.png 1200w, https:\/\/castle-vianden.lu\/wp-content\/uploads\/2020\/04\/cropped-ChateauVianden_11_7_2016-1-1980x1084.png 1980w\" sizes=\"auto, (max-width: 190px) 100vw, 190px\" \/><img loading=\"lazy\" decoding=\"async\" class=\"alignnone wp-image-60042\" src=\"https:\/\/castle-vianden.lu\/wp-content\/uploads\/2023\/04\/Kammerata_Logo-scaled.jpg\" alt=\"\" width=\"298\" height=\"111\" srcset=\"https:\/\/castle-vianden.lu\/wp-content\/uploads\/2023\/04\/Kammerata_Logo-scaled.jpg 2560w, https:\/\/castle-vianden.lu\/wp-content\/uploads\/2023\/04\/Kammerata_Logo-300x112.jpg 300w, https:\/\/castle-vianden.lu\/wp-content\/uploads\/2023\/04\/Kammerata_Logo-1024x381.jpg 1024w, https:\/\/castle-vianden.lu\/wp-content\/uploads\/2023\/04\/Kammerata_Logo-768x286.jpg 768w, https:\/\/castle-vianden.lu\/wp-content\/uploads\/2023\/04\/Kammerata_Logo-1536x572.jpg 1536w, https:\/\/castle-vianden.lu\/wp-content\/uploads\/2023\/04\/Kammerata_Logo-2048x763.jpg 2048w\" sizes=\"auto, (max-width: 298px) 100vw, 298px\" \/><img loading=\"lazy\" decoding=\"async\" class=\"alignnone wp-image-60041\" src=\"https:\/\/castle-vianden.lu\/wp-content\/uploads\/2023\/04\/Logo-Ville_de_Vianden-Circle-VF-RGB.png\" alt=\"\" width=\"141\" height=\"141\" srcset=\"https:\/\/castle-vianden.lu\/wp-content\/uploads\/2023\/04\/Logo-Ville_de_Vianden-Circle-VF-RGB.png 1800w, https:\/\/castle-vianden.lu\/wp-content\/uploads\/2023\/04\/Logo-Ville_de_Vianden-Circle-VF-RGB-300x300.png 300w, https:\/\/castle-vianden.lu\/wp-content\/uploads\/2023\/04\/Logo-Ville_de_Vianden-Circle-VF-RGB-1024x1024.png 1024w, https:\/\/castle-vianden.lu\/wp-content\/uploads\/2023\/04\/Logo-Ville_de_Vianden-Circle-VF-RGB-135x135.png 135w, https:\/\/castle-vianden.lu\/wp-content\/uploads\/2023\/04\/Logo-Ville_de_Vianden-Circle-VF-RGB-768x768.png 768w, https:\/\/castle-vianden.lu\/wp-content\/uploads\/2023\/04\/Logo-Ville_de_Vianden-Circle-VF-RGB-1536x1536.png 1536w\" sizes=\"auto, (max-width: 141px) 100vw, 141px\" \/><\/p>\n","protected":false},"excerpt":{"rendered":"<p>Vendredi 7\/11 | 20:00 | Ancien Cin\u00e9ma Vianden | Anaphora Trio Soir\u00e9e Jazz | Entr\u00e9e libre Un croisement athl\u00e9tique entre le jazz et des traditions musicales non europ\u00e9ennes, centr\u00e9 sur une pr\u00e9paration pianistique \u00e0 base de bois, Anaphora explore la puissance du processus collectif qui consiste \u00e0 r\u00eaver des sons et \u00e0 faire r\u00e9sonner les&hellip;<\/p>\n","protected":false},"author":2,"featured_media":60583,"comment_status":"closed","ping_status":"closed","template":"","tags":[],"mec_category":[191],"class_list":["post-59543","mec-events","type-mec-events","status-publish","has-post-thumbnail","hentry","mec_category-concert","description-off"],"translation":{"provider":"WPGlobus","version":"3.0.0","language":"fr","enabled_languages":["de","fr","gb","nl"],"languages":{"de":{"title":true,"content":true,"excerpt":false},"fr":{"title":true,"content":true,"excerpt":false},"gb":{"title":true,"content":true,"excerpt":false},"nl":{"title":true,"content":true,"excerpt":false}}},"_links":{"self":[{"href":"https:\/\/castle-vianden.lu\/fr\/wp-json\/wp\/v2\/mec-events\/59543","targetHints":{"allow":["GET"]}}],"collection":[{"href":"https:\/\/castle-vianden.lu\/fr\/wp-json\/wp\/v2\/mec-events"}],"about":[{"href":"https:\/\/castle-vianden.lu\/fr\/wp-json\/wp\/v2\/types\/mec-events"}],"author":[{"embeddable":true,"href":"https:\/\/castle-vianden.lu\/fr\/wp-json\/wp\/v2\/users\/2"}],"replies":[{"embeddable":true,"href":"https:\/\/castle-vianden.lu\/fr\/wp-json\/wp\/v2\/comments?post=59543"}],"wp:featuredmedia":[{"embeddable":true,"href":"https:\/\/castle-vianden.lu\/fr\/wp-json\/wp\/v2\/media\/60583"}],"wp:attachment":[{"href":"https:\/\/castle-vianden.lu\/fr\/wp-json\/wp\/v2\/media?parent=59543"}],"wp:term":[{"taxonomy":"post_tag","embeddable":true,"href":"https:\/\/castle-vianden.lu\/fr\/wp-json\/wp\/v2\/tags?post=59543"},{"taxonomy":"mec_category","embeddable":true,"href":"https:\/\/castle-vianden.lu\/fr\/wp-json\/wp\/v2\/mec_category?post=59543"}],"curies":[{"name":"wp","href":"https:\/\/api.w.org\/{rel}","templated":true}]}}

<h2 style="margin: 0cm; margin-bottom: .0001pt; background: white; vertical-align: baseline;">Vendredi 7/11 | 20:00 | Ancien Cinéma Vianden | <strong>Anaphora Trio</strong></h2>
<h2>Soirée Jazz | Entrée libre</h2>
<p>Un croisement athlétique entre le jazz et des traditions musicales non européennes, centré sur une préparation pianistique à base de bois, Anaphora explore la puissance du processus collectif qui consiste à rêver des sons et à faire résonner les rêves. Avec [Bloom], le pianiste queer Filippo Deorsola compose un hybride affranchi des genres musicaux et de genre, un espace percussif et textural haut en couleurs, où des grooves urbains évoquant la techno se mêlent à des mécanismes cycliques et des mélodies hypnotiques.</p>
<p>Filippo Deorsola, piano</p>
<p>Marco Luparia, batterie</p>
<p>Jonathan Ho, basse</p>
<hr />
<h3><strong>INFORMATIONS:</strong></h3>
<p style="margin: 0cm; margin-bottom: .0001pt; background: white; vertical-align: baseline;"><span style="font-size: 10.5pt; color: #0d0316;">Entrée libre &amp; sans réservation (Anaphora Trio au Ancien Cinéma)</span></p>
<p><a href="http://www.musicdays.lu">www.musicdays.lu<br />
</a><a href="mailto:info@castle-vianden.lu">info@castle-vianden.lu<br />
</a>tél : 83 41 08 1</p>
<hr />
<p><strong>Avec le soutien de EWA Fiduciaire S.A., Islek ouni Grenzen, Hotel Petry</strong></p>
<hr />
<p><strong>Coproduction: Les Amis du Château de Vianden, Administration communale de Vianden, Fabrique d’Église de Vianden, Kammerata Luxembourg.</strong></p>
<hr />
<p>&nbsp;</p>
<p><img loading="lazy" decoding="async" class="alignnone wp-image-59858" src="https://castle-vianden.lu/wp-content/uploads/2023/09/Logo-Ministere-de-la-Culture.png" alt="" width="290" height="72" srcset="https://castle-vianden.lu/wp-content/uploads/2023/09/Logo-Ministere-de-la-Culture.png 450w, https://castle-vianden.lu/wp-content/uploads/2023/09/Logo-Ministere-de-la-Culture-300x75.png 300w" sizes="auto, (max-width: 290px) 100vw, 290px" /> <img loading="lazy" decoding="async" class="alignnone wp-image-59329" src="https://castle-vianden.lu/wp-content/uploads/2021/06/VISIT_LUXBG_CMYK_1.jpg" alt="" width="177" height="91" /> <img loading="lazy" decoding="async" class="alignnone wp-image-59263" src="https://castle-vianden.lu/wp-content/uploads/2020/07/Islek-ohne-Grenzen_2016_Logo.png" alt="" width="111" height="121" srcset="https://castle-vianden.lu/wp-content/uploads/2020/07/Islek-ohne-Grenzen_2016_Logo.png 800w, https://castle-vianden.lu/wp-content/uploads/2020/07/Islek-ohne-Grenzen_2016_Logo-274x300.png 274w, https://castle-vianden.lu/wp-content/uploads/2020/07/Islek-ohne-Grenzen_2016_Logo-768x840.png 768w" sizes="auto, (max-width: 111px) 100vw, 111px" />    <img loading="lazy" decoding="async" class="alignnone wp-image-58810" src="https://castle-vianden.lu/wp-content/uploads/2020/07/Ewa-texte.jpg" alt="" width="113" height="99" srcset="https://castle-vianden.lu/wp-content/uploads/2020/07/Ewa-texte.jpg 595w, https://castle-vianden.lu/wp-content/uploads/2020/07/Ewa-texte-300x263.jpg 300w" sizes="auto, (max-width: 113px) 100vw, 113px" /><img loading="lazy" decoding="async" class="alignnone wp-image-60167" src="https://castle-vianden.lu/wp-content/uploads/2021/06/Logo_Hotel-Petry_20241018_124524_0000.jpg" alt="" width="211" height="66" srcset="https://castle-vianden.lu/wp-content/uploads/2021/06/Logo_Hotel-Petry_20241018_124524_0000.jpg 1920w, https://castle-vianden.lu/wp-content/uploads/2021/06/Logo_Hotel-Petry_20241018_124524_0000-300x94.jpg 300w, https://castle-vianden.lu/wp-content/uploads/2021/06/Logo_Hotel-Petry_20241018_124524_0000-1024x320.jpg 1024w, https://castle-vianden.lu/wp-content/uploads/2021/06/Logo_Hotel-Petry_20241018_124524_0000-768x240.jpg 768w, https://castle-vianden.lu/wp-content/uploads/2021/06/Logo_Hotel-Petry_20241018_124524_0000-1536x480.jpg 1536w" sizes="auto, (max-width: 211px) 100vw, 211px" /><img loading="lazy" decoding="async" class="alignnone wp-image-60584" src="https://castle-vianden.lu/wp-content/uploads/2023/04/Logo_WaagnerBiro_CMYK-1-scaled.jpg" alt="" width="212" height="91" srcset="https://castle-vianden.lu/wp-content/uploads/2023/04/Logo_WaagnerBiro_CMYK-1-scaled.jpg 2560w, https://castle-vianden.lu/wp-content/uploads/2023/04/Logo_WaagnerBiro_CMYK-1-300x129.jpg 300w, https://castle-vianden.lu/wp-content/uploads/2023/04/Logo_WaagnerBiro_CMYK-1-1024x440.jpg 1024w, https://castle-vianden.lu/wp-content/uploads/2023/04/Logo_WaagnerBiro_CMYK-1-768x330.jpg 768w, https://castle-vianden.lu/wp-content/uploads/2023/04/Logo_WaagnerBiro_CMYK-1-1536x660.jpg 1536w, https://castle-vianden.lu/wp-content/uploads/2023/04/Logo_WaagnerBiro_CMYK-1-2048x880.jpg 2048w" sizes="auto, (max-width: 212px) 100vw, 212px" /></p>
<p><img loading="lazy" decoding="async" class="alignnone wp-image-14" src="https://castle-vianden.lu/wp-content/uploads/2020/04/cropped-ChateauVianden_11_7_2016-1.png" alt="" width="190" height="104" srcset="https://castle-vianden.lu/wp-content/uploads/2020/04/cropped-ChateauVianden_11_7_2016-1.png 6081w, https://castle-vianden.lu/wp-content/uploads/2020/04/cropped-ChateauVianden_11_7_2016-1-600x328.png 600w, https://castle-vianden.lu/wp-content/uploads/2020/04/cropped-ChateauVianden_11_7_2016-1-300x164.png 300w, https://castle-vianden.lu/wp-content/uploads/2020/04/cropped-ChateauVianden_11_7_2016-1-1024x561.png 1024w, https://castle-vianden.lu/wp-content/uploads/2020/04/cropped-ChateauVianden_11_7_2016-1-768x420.png 768w, https://castle-vianden.lu/wp-content/uploads/2020/04/cropped-ChateauVianden_11_7_2016-1-1536x841.png 1536w, https://castle-vianden.lu/wp-content/uploads/2020/04/cropped-ChateauVianden_11_7_2016-1-2048x1121.png 2048w, https://castle-vianden.lu/wp-content/uploads/2020/04/cropped-ChateauVianden_11_7_2016-1-1200x657.png 1200w, https://castle-vianden.lu/wp-content/uploads/2020/04/cropped-ChateauVianden_11_7_2016-1-1980x1084.png 1980w" sizes="auto, (max-width: 190px) 100vw, 190px" /><img loading="lazy" decoding="async" class="alignnone wp-image-60042" src="https://castle-vianden.lu/wp-content/uploads/2023/04/Kammerata_Logo-scaled.jpg" alt="" width="298" height="111" srcset="https://castle-vianden.lu/wp-content/uploads/2023/04/Kammerata_Logo-scaled.jpg 2560w, https://castle-vianden.lu/wp-content/uploads/2023/04/Kammerata_Logo-300x112.jpg 300w, https://castle-vianden.lu/wp-content/uploads/2023/04/Kammerata_Logo-1024x381.jpg 1024w, https://castle-vianden.lu/wp-content/uploads/2023/04/Kammerata_Logo-768x286.jpg 768w, https://castle-vianden.lu/wp-content/uploads/2023/04/Kammerata_Logo-1536x572.jpg 1536w, https://castle-vianden.lu/wp-content/uploads/2023/04/Kammerata_Logo-2048x763.jpg 2048w" sizes="auto, (max-width: 298px) 100vw, 298px" /><img loading="lazy" decoding="async" class="alignnone wp-image-60041" src="https://castle-vianden.lu/wp-content/uploads/2023/04/Logo-Ville_de_Vianden-Circle-VF-RGB.png" alt="" width="141" height="141" srcset="https://castle-vianden.lu/wp-content/uploads/2023/04/Logo-Ville_de_Vianden-Circle-VF-RGB.png 1800w, https://castle-vianden.lu/wp-content/uploads/2023/04/Logo-Ville_de_Vianden-Circle-VF-RGB-300x300.png 300w, https://castle-vianden.lu/wp-content/uploads/2023/04/Logo-Ville_de_Vianden-Circle-VF-RGB-1024x1024.png 1024w, https://castle-vianden.lu/wp-content/uploads/2023/04/Logo-Ville_de_Vianden-Circle-VF-RGB-135x135.png 135w, https://castle-vianden.lu/wp-content/uploads/2023/04/Logo-Ville_de_Vianden-Circle-VF-RGB-768x768.png 768w, https://castle-vianden.lu/wp-content/uploads/2023/04/Logo-Ville_de_Vianden-Circle-VF-RGB-1536x1536.png 1536w" sizes="auto, (max-width: 141px) 100vw, 141px" /></p>

<p>Vendredi 7/11 | 20:00 | Ancien Cinéma Vianden | Anaphora Trio Soirée Jazz | Entrée libre Un croisement athlétique entre le jazz et des traditions musicales non européennes, centré sur une préparation pianistique à base de bois, Anaphora explore la puissance du processus collectif qui consiste à rêver des sons et à faire résonner les&hellip;</p>
